{"id":547,"date":"2023-01-16T08:57:26","date_gmt":"2023-01-16T08:57:26","guid":{"rendered":"https:\/\/kommindeinebalance.at\/index.php\/ueber-mich\/"},"modified":"2023-08-30T07:30:27","modified_gmt":"2023-08-30T07:30:27","slug":"ueber-mich","status":"publish","type":"page","link":"https:\/\/kommindeinebalance.at\/index.php\/ueber-mich\/","title":{"rendered":"\u00dcber mich"},"content":{"rendered":"\n<p style=\"font-size:18px\"><\/p>\n\n\n\n<p class=\"has-medium-font-size\"><\/p>\n\n\n\n<div class=\"wp-block-media-text is-stacked-on-mobile is-image-fill\" style=\"grid-template-columns:43% auto\"><figure class=\"wp-block-media-text__media\" style=\"background-image:url(http:\/\/kommindeinebalance.at\/wp-content\/uploads\/2023\/08\/SEY-2304_0588-683x1024.jpg);background-position:50% 50%\"><img loading=\"lazy\" decoding=\"async\" width=\"683\" height=\"1024\" src=\"http:\/\/kommindeinebalance.at\/wp-content\/uploads\/2023\/08\/SEY-2304_0588-683x1024.jpg\" alt=\"\" class=\"wp-image-1182 size-full\" srcset=\"https:\/\/kommindeinebalance.at\/wp-content\/uploads\/2023\/08\/SEY-2304_0588-683x1024.jpg 683w, https:\/\/kommindeinebalance.at\/wp-content\/uploads\/2023\/08\/SEY-2304_0588-200x300.jpg 200w, https:\/\/kommindeinebalance.at\/wp-content\/uploads\/2023\/08\/SEY-2304_0588-768x1152.jpg 768w, https:\/\/kommindeinebalance.at\/wp-content\/uploads\/2023\/08\/SEY-2304_0588-1024x1536.jpg 1024w, https:\/\/kommindeinebalance.at\/wp-content\/uploads\/2023\/08\/SEY-2304_0588-1365x2048.jpg 1365w, https:\/\/kommindeinebalance.at\/wp-content\/uploads\/2023\/08\/SEY-2304_0588-scaled.jpg 1707w\" sizes=\"auto, (max-width: 683px) 100vw, 683px\" \/><\/figure><div class=\"wp-block-media-text__content\">\n<p class=\"has-text-align-left\" style=\"font-size:18px\">Hallo, mein Name ist Martina. Ich bin Mama von 2 wundervollen Buben und Frau eines wunderbaren Mannes. Seit einigen Jahren \u00f6lverliebt und t\u00e4gliche Anwenderin von Bewusstseins\u00fcbungen.<\/p>\n\n\n\n<p class=\"has-text-align-left\" style=\"font-size:18px\">2014 kam ich das erste Mal in Ber\u00fchrung mit den \u00d6len von doTERRA, aufgrund einer Diagnose die ich so nicht hinnehmen wollte. Unser Leben hat sich seitdem absolut ver\u00e4ndert! T\u00e4glich integriere ich die \u00d6le mit Mental und Bewusstseins\u00fcbungen und merke wie sehr sie mich st\u00e4rken und unterst\u00fctzen. Gerade wenn es um innere Arbeit und Aufl\u00f6sung von Themen geht habe ich schon sehr sch\u00f6ne und wertvolle Ergebnisse erzielt.<\/p>\n\n\n\n<p class=\"has-text-align-left\" style=\"font-size:21px\">Meine Vision<\/p>\n\n\n\n<p class=\"has-text-align-left\" style=\"font-size:18px\">Nehmen wir unsere Gesundheit selbst in die Hand! Ich m\u00f6chte dir helfen wieder in deine Eigenverantwortung zu kommen, dir zeigen wie du dir selbst und deiner Familie ganz nat\u00fcrlich helfen kannst. N\u00fctzen wir die nat\u00fcrliche Vielfalt die unsere Erde uns bietet, es ist so viel wunderbares vorhanden. Wir betrachten dich ganzheitlich, wertfrei &amp; unvoreingenommen und finden deine L\u00f6sungen. Gemeinsam gehen wir deinen Weg der dich wieder in deine Balance bringt.<\/p>\n\n\n\n<p class=\"has-text-align-left\" style=\"font-size:21px\">Mein Umgang mit den Menschen<\/p>\n\n\n\n<p class=\"has-text-align-left\" style=\"font-size:18px\">Ein respektvoller, liebevoller und authenischer Umgang mit unseren Mitmenschen bildet f\u00fcr mich die Basis jeglicher Beziehungen. Als ausgebildete Montessori P\u00e4dagogin gebe ich den Kindern und auch den Erwachsenen Raum sich in Ihrem Tempo und Interessen zu entwickeln und gebe ihnen Hilfestellungen wenn n\u00f6tig. Als Kindermentaltrainerin i.A. greife ich auf einen vielf\u00e4ltigen Werkzeugkoffer zu, der die Kinder bei Ihren pers\u00f6nlichen Belastungen und Themen unterst\u00fctzt.<\/p>\n<\/div><\/div>\n\n\n<div class=\"style-850 style-local-547-c1 position-relative\" data-colibri-id=\"547-c1\">\n<div id=\"about\" class=\"h-section h-section-global-spacing d-flex align-items-lg-center align-items-md-center align-items-center style-851 style-local-547-c2 position-relative\" data-colibri-component=\"section\" data-colibri-id=\"547-c2\">\n<div class=\"h-section-grid-container h-section-boxed-container\">\n<div class=\"h-row-container gutters-row-lg-2 gutters-row-md-2 gutters-row-2 gutters-row-v-lg-2 gutters-row-v-md-2 gutters-row-v-2 style-852 style-local-547-c3 position-relative\" data-colibri-id=\"547-c3\">\n<div class=\"h-row justify-content-lg-center justify-content-md-center justify-content-center align-items-lg-stretch align-items-md-stretch align-items-stretch gutters-col-lg-2 gutters-col-md-2 gutters-col-2 gutters-col-v-lg-2 gutters-col-v-md-2 gutters-col-v-2\">\n<div class=\"h-column h-column-container d-flex h-col-lg-auto h-col-md-auto h-col-auto style-853-outer style-local-547-c4-outer\">\n<div class=\"d-flex h-flex-basis h-column__inner h-px-lg-2 h-px-md-2 h-px-2 v-inner-lg-2 v-inner-md-2 v-inner-2 style-853 style-local-547-c4 position-relative\" data-colibri-id=\"547-c4\">\n<div class=\"w-100 h-y-container h-column__content h-column__v-align flex-basis-100 align-self-lg-center align-self-md-center align-self-center\">\n<div class=\"h-global-transition-all h-heading style-855 style-local-547-c6 position-relative h-element\" data-colibri-id=\"547-c6\">\n<div class=\"h-heading__outer style-855 style-local-547-c6\">&nbsp;<\/div>\n<\/div>\n<div class=\"h-lead h-text h-text-component style-856 style-local-547-c7 position-relative h-element\" data-colibri-id=\"547-c7\">\n<div class=\"\">&nbsp;<\/div>\n<\/div>\n<\/div>\n<\/div>\n<\/div>\n<div class=\"h-column h-column-container d-flex h-col-lg-auto h-col-md-auto h-col-auto style-859-outer style-local-547-c10-outer\">\n<div class=\"d-flex h-flex-basis h-column__inner h-px-lg-2 h-px-md-2 h-px-2 v-inner-lg-2 v-inner-md-2 v-inner-2 style-859 style-local-547-c10 position-relative\" data-colibri-id=\"547-c10\">\n<div class=\"w-100 h-y-container h-column__content h-column__v-align flex-basis-100 align-self-lg-center align-self-md-center align-self-center\">\n<div class=\"d-block style-860 style-local-547-c11 position-relative h-element\" data-colibri-id=\"547-c11\">\n<div class=\"h-image__frame-container-outer\">\n<div class=\"h-image__frame-container\">\n<div class=\"h-image__frame h-hide-sm style-860-frameImage style-local-547-c11-frameImage\">&nbsp;<\/div>\n<\/p>\n<\/div>\n<\/div>\n<\/div>\n<\/div>\n<\/div>\n<\/div>\n<\/div>\n<\/div>\n<\/div>\n<\/div>\n<\/div>\n\n\n<div class=\"wp-block-columns alignfull is-layout-flex wp-container-core-columns-is-layout-9d6595d7 wp-block-columns-is-layout-flex\">\n<div class=\"wp-block-column is-layout-flow wp-block-column-is-layout-flow\" style=\"flex-basis:50%\"><\/div>\n\n\n\n<div class=\"wp-block-column is-vertically-aligned-center is-layout-flow wp-block-column-is-layout-flow\" style=\"padding-top:1em;padding-right:1em;padding-bottom:1em;padding-left:1em\">\n<div class=\"wp-block-columns is-layout-flex wp-container-core-columns-is-layout-9d6595d7 wp-block-columns-is-layout-flex\">\n<div class=\"wp-block-column is-layout-flow wp-block-column-is-layout-flow\" style=\"flex-basis:320px\">\n<p class=\"has-small-font-size\" style=\"line-height:1.6\"><\/p>\n\n\n\n<p class=\"has-small-font-size\" style=\"line-height:1.6\"><\/p>\n<\/div>\n<\/div>\n<\/div>\n<\/div>\n","protected":false},"excerpt":{"rendered":"<p>Hallo, mein Name ist Martina. Ich bin Mama von 2 wundervollen Buben und Frau eines wunderbaren Mannes. Seit einigen Jahren \u00f6lverliebt und t\u00e4gliche Anwenderin von Bewusstseins\u00fcbungen. 2014 kam ich das erste Mal in Ber\u00fchrung mit den \u00d6len von doTERRA, aufgrund einer Diagnose die ich so nicht hinnehmen wollte. Unser Leben hat sich seitdem absolut ver\u00e4ndert! <a class=\"read-more\" href=\"https:\/\/kommindeinebalance.at\/index.php\/ueber-mich\/\">READ MORE<\/a><\/p>\n","protected":false},"author":2,"featured_media":0,"parent":0,"menu_order":0,"comment_status":"closed","ping_status":"closed","template":"","meta":{"footnotes":""},"class_list":["post-547","page","type-page","status-publish","hentry"],"_links":{"self":[{"href":"https:\/\/kommindeinebalance.at\/index.php\/wp-json\/wp\/v2\/pages\/547","targetHints":{"allow":["GET"]}}],"collection":[{"href":"https:\/\/kommindeinebalance.at\/index.php\/wp-json\/wp\/v2\/pages"}],"about":[{"href":"https:\/\/kommindeinebalance.at\/index.php\/wp-json\/wp\/v2\/types\/page"}],"author":[{"embeddable":true,"href":"https:\/\/kommindeinebalance.at\/index.php\/wp-json\/wp\/v2\/users\/2"}],"replies":[{"embeddable":true,"href":"https:\/\/kommindeinebalance.at\/index.php\/wp-json\/wp\/v2\/comments?post=547"}],"version-history":[{"count":28,"href":"https:\/\/kommindeinebalance.at\/index.php\/wp-json\/wp\/v2\/pages\/547\/revisions"}],"predecessor-version":[{"id":1184,"href":"https:\/\/kommindeinebalance.at\/index.php\/wp-json\/wp\/v2\/pages\/547\/revisions\/1184"}],"wp:attachment":[{"href":"https:\/\/kommindeinebalance.at\/index.php\/wp-json\/wp\/v2\/media?parent=547"}],"curies":[{"name":"wp","href":"https:\/\/api.w.org\/{rel}","templated":true}]}}

Über mich

<p style="font-size:18px"></p>



<p class="has-medium-font-size"></p>



<div class="wp-block-media-text is-stacked-on-mobile is-image-fill" style="grid-template-columns:43% auto"><figure class="wp-block-media-text__media" style="background-image:url(http://kommindeinebalance.at/wp-content/uploads/2023/08/SEY-2304_0588-683x1024.jpg);background-position:50% 50%"><img loading="lazy" decoding="async" width="683" height="1024" src="http://kommindeinebalance.at/wp-content/uploads/2023/08/SEY-2304_0588-683x1024.jpg" alt="" class="wp-image-1182 size-full" srcset="https://kommindeinebalance.at/wp-content/uploads/2023/08/SEY-2304_0588-683x1024.jpg 683w, https://kommindeinebalance.at/wp-content/uploads/2023/08/SEY-2304_0588-200x300.jpg 200w, https://kommindeinebalance.at/wp-content/uploads/2023/08/SEY-2304_0588-768x1152.jpg 768w, https://kommindeinebalance.at/wp-content/uploads/2023/08/SEY-2304_0588-1024x1536.jpg 1024w, https://kommindeinebalance.at/wp-content/uploads/2023/08/SEY-2304_0588-1365x2048.jpg 1365w, https://kommindeinebalance.at/wp-content/uploads/2023/08/SEY-2304_0588-scaled.jpg 1707w" sizes="auto, (max-width: 683px) 100vw, 683px" /></figure><div class="wp-block-media-text__content">
<p class="has-text-align-left" style="font-size:18px">Hallo, mein Name ist Martina. Ich bin Mama von 2 wundervollen Buben und Frau eines wunderbaren Mannes. Seit einigen Jahren ölverliebt und tägliche Anwenderin von Bewusstseinsübungen.</p>



<p class="has-text-align-left" style="font-size:18px">2014 kam ich das erste Mal in Berührung mit den Ölen von doTERRA, aufgrund einer Diagnose die ich so nicht hinnehmen wollte. Unser Leben hat sich seitdem absolut verändert! Täglich integriere ich die Öle mit Mental und Bewusstseinsübungen und merke wie sehr sie mich stärken und unterstützen. Gerade wenn es um innere Arbeit und Auflösung von Themen geht habe ich schon sehr schöne und wertvolle Ergebnisse erzielt.</p>



<p class="has-text-align-left" style="font-size:21px">Meine Vision</p>



<p class="has-text-align-left" style="font-size:18px">Nehmen wir unsere Gesundheit selbst in die Hand! Ich möchte dir helfen wieder in deine Eigenverantwortung zu kommen, dir zeigen wie du dir selbst und deiner Familie ganz natürlich helfen kannst. Nützen wir die natürliche Vielfalt die unsere Erde uns bietet, es ist so viel wunderbares vorhanden. Wir betrachten dich ganzheitlich, wertfrei &amp; unvoreingenommen und finden deine Lösungen. Gemeinsam gehen wir deinen Weg der dich wieder in deine Balance bringt.</p>



<p class="has-text-align-left" style="font-size:21px">Mein Umgang mit den Menschen</p>



<p class="has-text-align-left" style="font-size:18px">Ein respektvoller, liebevoller und authenischer Umgang mit unseren Mitmenschen bildet für mich die Basis jeglicher Beziehungen. Als ausgebildete Montessori Pädagogin gebe ich den Kindern und auch den Erwachsenen Raum sich in Ihrem Tempo und Interessen zu entwickeln und gebe ihnen Hilfestellungen wenn nötig. Als Kindermentaltrainerin i.A. greife ich auf einen vielfältigen Werkzeugkoffer zu, der die Kinder bei Ihren persönlichen Belastungen und Themen unterstützt.</p>
</div></div>


<div class="style-850 style-local-547-c1 position-relative" data-colibri-id="547-c1">
<div id="about" class="h-section h-section-global-spacing d-flex align-items-lg-center align-items-md-center align-items-center style-851 style-local-547-c2 position-relative" data-colibri-component="section" data-colibri-id="547-c2">
<div class="h-section-grid-container h-section-boxed-container">
<div class="h-row-container gutters-row-lg-2 gutters-row-md-2 gutters-row-2 gutters-row-v-lg-2 gutters-row-v-md-2 gutters-row-v-2 style-852 style-local-547-c3 position-relative" data-colibri-id="547-c3">
<div class="h-row justify-content-lg-center justify-content-md-center justify-content-center align-items-lg-stretch align-items-md-stretch align-items-stretch gutters-col-lg-2 gutters-col-md-2 gutters-col-2 gutters-col-v-lg-2 gutters-col-v-md-2 gutters-col-v-2">
<div class="h-column h-column-container d-flex h-col-lg-auto h-col-md-auto h-col-auto style-853-outer style-local-547-c4-outer">
<div class="d-flex h-flex-basis h-column__inner h-px-lg-2 h-px-md-2 h-px-2 v-inner-lg-2 v-inner-md-2 v-inner-2 style-853 style-local-547-c4 position-relative" data-colibri-id="547-c4">
<div class="w-100 h-y-container h-column__content h-column__v-align flex-basis-100 align-self-lg-center align-self-md-center align-self-center">
<div class="h-global-transition-all h-heading style-855 style-local-547-c6 position-relative h-element" data-colibri-id="547-c6">
<div class="h-heading__outer style-855 style-local-547-c6">&nbsp;</div>
</div>
<div class="h-lead h-text h-text-component style-856 style-local-547-c7 position-relative h-element" data-colibri-id="547-c7">
<div class="">&nbsp;</div>
</div>
</div>
</div>
</div>
<div class="h-column h-column-container d-flex h-col-lg-auto h-col-md-auto h-col-auto style-859-outer style-local-547-c10-outer">
<div class="d-flex h-flex-basis h-column__inner h-px-lg-2 h-px-md-2 h-px-2 v-inner-lg-2 v-inner-md-2 v-inner-2 style-859 style-local-547-c10 position-relative" data-colibri-id="547-c10">
<div class="w-100 h-y-container h-column__content h-column__v-align flex-basis-100 align-self-lg-center align-self-md-center align-self-center">
<div class="d-block style-860 style-local-547-c11 position-relative h-element" data-colibri-id="547-c11">
<div class="h-image__frame-container-outer">
<div class="h-image__frame-container">
<div class="h-image__frame h-hide-sm style-860-frameImage style-local-547-c11-frameImage">&nbsp;</div>
</p>
</div>
</div>
</div>
</div>
</div>
</div>
</div>
</div>
</div>
</div>
</div>


<div class="wp-block-columns alignfull is-layout-flex wp-container-core-columns-is-layout-9d6595d7 wp-block-columns-is-layout-flex">
<div class="wp-block-column is-layout-flow wp-block-column-is-layout-flow" style="flex-basis:50%"></div>



<div class="wp-block-column is-vertically-aligned-center is-layout-flow wp-block-column-is-layout-flow" style="padding-top:1em;padding-right:1em;padding-bottom:1em;padding-left:1em">
<div class="wp-block-columns is-layout-flex wp-container-core-columns-is-layout-9d6595d7 wp-block-columns-is-layout-flex">
<div class="wp-block-column is-layout-flow wp-block-column-is-layout-flow" style="flex-basis:320px">
<p class="has-small-font-size" style="line-height:1.6"></p>



<p class="has-small-font-size" style="line-height:1.6"></p>
</div>
</div>
</div>
</div>

<p>Hallo, mein Name ist Martina. Ich bin Mama von 2 wundervollen Buben und Frau eines wunderbaren Mannes. Seit einigen Jahren ölverliebt und tägliche Anwenderin von Bewusstseinsübungen. 2014 kam ich das erste Mal in Berührung mit den Ölen von doTERRA, aufgrund einer Diagnose die ich so nicht hinnehmen wollte. Unser Leben hat sich seitdem absolut verändert! <a class="read-more" href="https://kommindeinebalance.at/index.php/ueber-mich/">READ MORE</a></p>
